of 436 and 4142.
218
What is the greatest common factor of 1885 and 145?
145
What is the highest common factor of 27 and 81?
27
Calculate the highest common factor of 3 and 81.
3
Calculate the highest common divisor of 13040 and 16.
16
Calculate the greatest common divisor of 238 and 136.
34
Calculate the highest common factor of 2236 and 572.
52
Calculate the highest common factor of 201 and 5360.
67
What is the highest common factor of 42 and 378?
42
Calculate the highest common divisor of 4611 and 783.
87
Calculate the highest common divisor of 36814 and 632.
158
What is the highest common divisor of 182 and 26?
26
What is the greatest common factor of 456 and 3021?
57
What is the highest common factor of 65803 and 23?
23
What is the highest common factor of 13 and 65?
13
What is the greatest common divisor of 276 and 120?
12
Calculate the highest common divisor of 3 and 75.
3
Calculate the highest common divisor of 295 and 15.
5
What is the highest common divisor of 8558 and 44?
22
Calculate the greatest common divisor of 564 and 423.
141
Calculate the greatest common factor of 30 and 3.
3
What is the greatest common factor of 6 and 48?
6
What is the greatest common factor of 67 and 1?
1
Calculate the highest common divisor of 14 and 58.
2
What is the greatest common divisor of 30 and 490?
10
What is the highest common factor of 15 and 5?
5
What is the highest common divisor of 94 and 141?
47
What is the highest common factor of 22 and 242?
22
Calculate the greatest common divisor of 1211 and 35.
7
What is the highest common factor of 256 and 88832?
256
What is the highest common divisor of 2324 and 224?
28
Calculate the greatest common divisor of 4544 and 704.
64
Calculate the greatest common factor of 10 and 7270.
10
What is the greatest common factor of 320 and 60?
20
Calculate the greatest common divisor of 14 and 10.
2
Calculate the highest common factor of 429 and 39.
39
What is the greatest common factor of 1020 and 318?
6
Calculate the greatest common factor of 22 and 2222.
22
What is the greatest common factor of 275 and 11?
11
Calculate the highest common factor of 16226 and 190.
38
What is the greatest common divisor of 265 and 5?
5
Calculate the greatest common divisor of 6 and 6.
6
What is the highest common factor of 1023 and 99?
33
Calculate the greatest common divisor of 377 and 667.
29
Calculate the greatest common factor of 325 and 65.
65
What is the highest common divisor of 6591 and 26?
13
Calculate the highest common factor of 28 and 32.
4
What is the greatest common factor of 80 and 1080?
40
What is the highest common divisor of 8697 and 39?
39
Calculate the highest common factor of 300 and 1770.
30
What is the highest common factor of 60 and 9?
3
Calculate the highest common divisor of 4 and 2308.
4
Calculate the greatest common factor of 672 and 72.
24
Calculate the highest common factor of 1748 and 988.
76
What is the highest common factor of 171 and 437?
19
Calculate the highest common factor of 16 and 304.
16
What is the highest common divisor of 708 and 12?
12
What is the greatest common divisor of 1044 and 792?
36
What is the greatest common factor of 13 and 767?
13
Calculate the greatest common factor of 3 and 81.
3
What is the highest common divisor of 65 and 2613?
13
Calculate the greatest common factor of 28 and 994.
14
What is the highest common divisor of 790 and 20?
10
Calculate the greatest common factor of 156 and 15236.
52
Calculate the greatest common factor of 2 and 1466.
2
Calculate the greatest common divisor of 2086 and 298.
298
Calculate the greatest common factor of 105 and 175.
35
Calculate the greatest common factor of 370 and 2146.
74
What is the highest common factor of 3 and 8427?
3
What is the greatest common divisor of 1598 and 893?
47
Calculate the greatest common divisor of 112 and 8.
8
What is the highest common factor of 12 and 96?
12
Calculate the highest common factor of 3050 and 175.
25
What is the greatest common divisor of 244 and 732?
244
What is the highest common factor of 2483 and 65?
13
Calculate the highest common divisor of 171 and 893.
19
Calculate the highest common divisor of 252 and 868.
28
What is the highest common factor of 845 and 195?
65
What is the highest common divisor of 18 and 5175?
9
What is the highest common divisor of 860 and 40?
20
What is the highest common factor of 432 and 784?
16
What is the greatest common factor of 55 and 320?
5
Calculate the highest common factor of 297 and 22.
11
Calculate the highest common divisor of 12905 and 145.
145
Calculate the greatest common divisor of 2059 and 174.
29
What is the greatest common divisor of 14 and 8386?
14
What is the highest common factor of 102 and 6?
6
What is the highest common factor of 160 and 512?
32
What is the greatest common factor of 2422 and 154?
14
Calculate the greatest common divisor of 6 and 294.
6
What is the greatest common factor of 10 and 2940?
10
What is the highest common factor of 200 and 104?
8
What is the greatest common divisor of 432 and 108?
108
Calculate the greatest common divisor of 1170 and 54.
18
What is the greatest common factor of 6802 and 1?
1
Calculate the highest common divisor of 162 and 2322.
54
Calculate the greatest common divisor of 318 and 6254.
106
Calculate the greatest common divisor of 80 and 384.
16
Calculate the highest common divisor of 506 and 24.
2
What is the greatest common divisor of 189 and 54?
27
Calculate the highest common divisor of 258 and 215.
43
Calculate the highest common factor of 630 and 70.
70
Calculate the greatest common factor of 58 and 377.
29
Calculate the highest common factor of 12 and 56.
4
What is the greatest common factor of 3146 and 2178?
242
Calculate the greatest common factor of 403 and 155.
31
What is the greatest common divisor of 637 and 13?
13
Calculate the highest common factor of 781 and 3337.
71
Calculate the greatest common divisor of 513 and 216.
27
Calculate the greatest common factor of 1465 and 5.
5
Calculate the greatest common factor of 2104 and 40.
8
Calculate the highest common divisor of 4377 and 12.
3
What is the greatest common divisor of 1581 and 15?
3
Calculate the greatest common factor of 139 and 2.
1
Calculate the highest common divisor of 108 and 150.
6
Calculate the highest common divisor of 25 and 120.
5
Calculate the highest common factor of 4608 and 72.
72
What is the highest common factor of 18 and 90?
18
Calculate the greatest common factor of 615 and 30.
15
Calculate the highest common factor of 310 and 6.
2
Calculate the highest common divisor of 168 and 8568.
168
What is the highest common divisor of 14 and 74928?
14
Calculate the highest common divisor of 11772 and 9.
9
Calculate the greatest common factor of 336 and 378.
42
What is the highest common factor of 31 and 713?
31
Calculate the greatest common factor of 153 and 99.
9
What is the greatest common divisor of 135 and 45?
45
Calculate the highest common divisor of 9945 and 1275.
255
What is the greatest common divisor of 15 and 20505?
15
Calculate the highest common factor of 1925 and 280.
35
What is the greatest common divisor of 152 and 2112?
8
Calculate the greatest common factor of 567 and 4131.
81
Calculate the greatest common divisor of 1320 and 4.
4
Calculate the greatest common divisor of 122 and 33062.
122
What is the greatest common divisor of 623 and 10324?
89
Calculate the greatest common divisor of 167 and 24048.
167
What is the greatest common divisor of 2790 and 270?
90
What is the greatest common factor of 77 and 11?
11
What is the greatest common divisor of 26 and 26?
26
What is the highest common factor of 2261 and 357?
119
What is the greatest common divisor of 396 and 72?
36
Calculate the highest common divisor of 33 and 153.
3
Calculate the greatest common factor of 10 and 10.
10
What is the greatest common factor of 143 and 65?
13
What is the greatest common divisor of 11 and 22?
11
Calculate the greatest common divisor of 1121 and 295.
59
What is the greatest common factor of 500 and 140?
20
Calculate the greatest common divisor of 12 and 174.
6
Calculate the highest common factor of 1086 and 12.
6
Calculate the highest common factor of 9087 and 39.
39
What is the greatest common divisor of 27 and 9?
